339. Let x(o) = 12*o + 10. What is the remainder when x(11) is divided by c?
22
Suppose 0 = 2*u + 5*v - 70 - 41, 0 = 5*u - 2*v - 321. Calculate the remainder when 564 is divided by u.
60
Suppose -15 = -5*u + 5*c, 4*c + 7 = u - 5. Suppose u = 5*g - 107 + 12. Suppose 0 = y, 10*y - 5*y = -4*b + 140. What is the remainder when b is divided by g?
16
Let o = -34 - -32. Let g = o - -11. What is the remainder when 43 is divided by g?
7
Let h(f) = -20*f + 4. Let u be h(-21). Let o(r) = r - 6. Let s be o(6). Suppose s = 2*y + 2*y - u. Calculate the remainder when y is divided by 27.
25
Suppose -24*h + 1194 = -2598. Calculate the remainder when h is divided by 40.
38
Let q be (-2)/4*-2 + 4. Suppose q*z = -3*u + 5, 3*z - 10 = -3*u - 1. Let t = 0 + 2. Calculate the remainder when u is divided by t.
1
Let y = 17 + -14. Suppose -4*r - 27 = y*f, 5 + 9 = -2*f - 4*r. Let v = -4 - f. Calculate the remainder when 42 is divided by v.
6
Suppose 5*p = 25, -4*g - 3*p - 31 = -1522. Calculate the remainder when g is divided by 17.
12
Let r(z) = -57*z - 22. Calculate the remainder when r(-1) is divided by 9.
8
Suppose -6 = -3*n, -2*n + 4*n - 42 = -2*d. Let c = -21 + 17. Calculate the remainder when d is divided by c/(-3) + -1 - (-434)/93.
4
Let l = -212 - -226. What is the remainder when 67 is divided by l?
11
Let u = 71 - 66. Suppose -7 = -4*i - b, -5*i + 1 = 4*b + 6. What is the remainder when u is divided by i?
2
Let c(d) = -28*d**3 + d**2. Suppose -x + 4 = 0, -5*x + x = 4*s - 60. Let b = s - -5. What is the remainder when c(-1) is divided by b?
13
Suppose -t + 138 = 4*t - 3*g, -4*t + 5*g = -100. What is the remainder when t is divided by 17?
13
Let t be ((-6)/(-3) + -2)*(-2)/(-4). Let r(m) = m + 18. What is the remainder when 32 is divided by r(t)?
14
Suppose -s - 80 = -5*s. Let i(n) = n**2 + 35*n + 103. Calculate the remainder when s is divided by i(-32).
6
Let k(d) = -55*d - 2 - 3 + 30*d. Calculate the remainder when k(-2) is divided by 23.
22
Let i(g) = 69*g - 272. What is the remainder when i(5) is divided by 7?
3
Let z(a) = -13*a + 407. Calculate the remainder when z(27) is divided by 36.
20
Suppose -5*k - 1 - 8 = -2*a, -4*a = -k + 27. Let f be 14*(4/a + 1). Suppose i - 28 = -f. Calculate the remainder when i is divided by 11.
10
Suppose -6*c - 21 = -3*c - 3*o, 10 = -c + 4*o. Let q = 33 - c. Let x(j) = -64*j - 118. What is the remainder when q is divided by x(-2)?
9
Let i be 0 - 4 - 0/(-8). Let j be (0 + i)*(-6)/8. Suppose j*h - 3*k + k - 68 = 0, 2*k + 92 = 4*h. What is the remainder when 47 is divided by h?
23
Let b(c) = -4*c + 31. Let v(p) = 2*p**3 - 3*p**2 - 2*p + 5. Let j be v(2). Calculate the remainder when 32 is divided by b(j).
10
Let b(u) = -2*u**2 + 14*u + 8. Let i be b(10). Let a = i + 71. Calculate the remainder when 91 is divided by a.
15
Let f(g) = -g**3 - 12*g**2 - 11*g - 18. Calculate the remainder when f(-12) is divided by 9.
6
Suppose 5*u - 18 - 72 = 0. Suppose 0 = 6*d - u. Suppose 0 = 3*a - d*o - 129, -5*a = 3*o + 17 - 256. What is the remainder when a is divided by 12?
10
What is the remainder when 29 is divided by 276/96 + 15 - 1/(-8)?
11
Let l = 264 + -26. Calculate the remainder when 485 is divided by l.
9
Suppose 2*j - 10 = -0*f - 2*f, 2*f = 5*j - 18. Suppose -o = -j*o + 3*c + 15, c + 9 = 2*o. What is the remainder when 19 is divided by o?
3
Suppose -5 = -5*i - 5*m, -m - 6 = 5*i - 23. Suppose -5*p + 10*p + i*t = 41, 3*p - 5*t = -5. Calculate the remainder when 7 is divided by p.
2
Suppose -2*n - 3*r - 2 = 0, -2*n + 5*r + 14 = -0*r. Suppose 8 = -n*l, -2*o = 2*o + l - 20. What is the remainder when 9 is divided by (o/5)/(7/35)?
3
Suppose 0 = j - 4 - 1, 5*c + 4*j - 335 = 0. Let g = 46 + -30. Calculate the remainder when c is divided by g.
15
Suppose -50 = -5*c - 5*q + 30, -6 = 3*q. What is the remainder when c is divided by 3?
0
Let o(c) = c**2 + c - 21. What is the remainder when o(-11) is divided by 13?
11
Let r(y) be the third derivative of y**6/24 + y**5/60 - y**4/12 - 3*y**2. What is the remainder when r(2) is divided by 21?
19
Let o = -684 - -710. What is the remainder when 112 is divided by o?
8
Let f be (6/15)/((-1)/(-5)). Suppose -f*g = -g - 4. Suppose 0*p - g*p = -52. Calculate the remainder when 35 is divided by p.
9
Let p = 311 - 787. What is the remainder when 22 is divided by (p/7)/(-4)*(0 + 1)?
5
Let a be (36/(-10))/((-2)/(-5)). Let y be (a/(-21))/(2/14). Suppose -5*h = -y*n + 7*n - 53, 0 = 2*n + 4*h - 28. Calculate the remainder when 22 is divided by n.
10
Suppose -2*v - 1 = -k - 0*v, 0 = 5*k - v - 14. Let d = 1 - -1. Suppose -d*y + 150 = k*y. Calculate the remainder when y is divided by 8.
6
Let p(j) be the first derivative of 27*j**2/2 + 3*j - 7. Let l(r) = r**2 - 5*r - 5. Let o be l(6). Calculate the remainder when 117 is divided by p(o).
27
Suppose -19 = -2*s - 5. Suppose 58 + 12 = 14*u. What is the remainder when s is divided by u?
2
Suppose 4*o - 301 = -281. Let t = -6 - -7. Calculate the remainder when 2 + t + 5/1 is divided by o.
3
Let y(l) = -2*l**3 + 8*l**2 + 44*l + 5. What is the remainder when y(-5) is divided by 51?
31
Suppose 3*w - 5*q = 15, -3*w + 10 = -w - 4*q. Suppose -w*j - 63 - 2 = 0. What is the remainder when 132/13 + 2/j is divided by 4?
2
Let p = -9 - -82. Suppose 3*d - 13 = -0*y - y, -4*y = 5*d - p. Suppose 3*b - 16 = b. Calculate the remainder when y is divided by b.
6
Suppose -4*v + c - 28 = v, -34 = 5*v - 3*c. Let o(p) = -p**2 - 7*p. Calculate the remainder when 59 is divided by o(v).
9
Suppose -20*x + 24*x + 5*c = 389, -5*c - 91 = -x. What is the remainder when x is divided by 34?
28
Suppose -3*s = 7*t - 6*t - 56, -5*s + t + 96 = 0. Suppose 14*c = s*c - 75. Calculate the remainder when c is divided by 4.
3
Suppose -84*a + 88*a - 144 = 0. What is the remainder when a is divided by 13?
10
Let b = 10 + 1. Suppose 0*l + 30 = l. Suppose 27 = 3*c - l. What is the remainder when c is divided by b?
8
Let f = 968 + -859. Calculate the remainder when f is divided by 23.
17
Let f = 7 + -56. Let a = 55 + f. Calculate the remainder when a is divided by 3.
0
Let k = 953 + -927. What is the remainder when 334 is divided by k?
22
Let d(c) = -c**2 + 5*c - 1. Let i be d(6). Let j(b) = b**2 + 5*b - 1. What is the remainder when 36 is divided by j(i)?
10
What is the remainder when 227 is divided by 26/(104/6) - 150/(-4)?
32
Let k(g) = g**3 - 2*g**2 + 3*g + 1. Let h(c) = c + 2. Let l be h(0). Calculate the remainder when 27 is divided by k(l).
6
Suppose 8*x - 4 = 28. Let h(b) be the first derivative of b**4/4 - 2*b**3/3 - 2*b**2 - 8*b - 1. Calculate the remainder when 12 is divided by h(x).
4
Let k(l) = l - 8. Let z be k(10). Let y(x) = 4*x**2 + 5*x. What is the remainder when ((-10)/30)/(z/(-168)) is divided by y(-2)?
4
Calculate the remainder when 766 is divided by ((-5)/(-3))/((-89)/(-3738)).
66
Let y = 89 - 54. Let o = -10 - -29. Let k = o - 0. Calculate the remainder when y is divided by k.
16
Let q be 2/(-4) - 19/(-2). Let f(k) be the first derivative of -k**4/4 + 3*k**3 + 3*k**2/2 + 7*k - 40. What is the remainder when f(q) is divided by 9?
7
Let o(v) = 93*v - 603. Calculate the remainder when o(9) is divided by 27.
18
Let h = -106 - -289. Calculate the remainder when h is divided by 8.
7
What is the remainder when (-86)/(-8 + 195/26) is divided by 37?
24
Suppose -4*d + 12 = -q, -2*q + 5*d = -4*q + 2. Calculate the remainder when ((-610)/(-10))/((-6)/30*-5) is divided by q/((-5)/4 - -1).
13
Suppose -6*k = -9*k + 18. Suppose -2*x - 2*l - k = 0, -1 = 3*x - l + 2*l. Suppose -u + 51 + x = 0. Calculate the remainder when u is divided by 18.
16
Let v = 20 + -2. Suppose 0 = 3*w - 120 - 60. Let s = 131 - w. What is the remainder when s is divided by v?
17
Suppose -d - 3*q + 53 = 0, -4*d + q + 2*q = -167. Let m = d - 29. Calculate the remainder when m is divided by 4.
3
Calculate the remainder when ((-234)/(-10))/(6/20) is divided by 10.
8
Suppose 39*a - 60 = -4*n + 35*a, 3*a + 32 = 4*n. Calculate the remainder when 413 is divided by n.
6
Let n = 897 + -640. Calculate the remainder when n is divided by 65.
62
Let i(l) = -l**3 - 10*l**2 - 8*l + 12. Let s be i(-9). Let d(m) = s + 7 + 0 - 13 + 2*m. Calculate the remainder when d(7) is divided by 6.
5
Calculate the remainder when (-1 + 181)*3/4 is divided by 14.
9
Supp